 w(v) = -v**3 + 12*v**2 + v - 6. Let m be w(12). Suppose 2*y + q = 108, y + q = 2*q + 54. Calculate the greatest common factor of y and m.
6
Let u(n) = -n**3 - 6*n**2 - 2*n + 4. Let i be u(-6). Calculate the highest common factor of 176 and i.
16
Suppose -5*s = -p - 4, -2*p + 2 = -2*s - 3*s. Let d(n) = 2*n**2 - 6*n - 6. Let w be d(p). Calculate the greatest common factor of w and 12.
6
Let c(t) = 7*t**2 + 1. Let b be c(-1). Let p = b + -7. Let o be p/3 + (-44)/(-3). Calculate the highest common divisor of o and 10.
5
Let h(t) = -13*t - 5. Let f be h(-2). What is the greatest common factor of 14 and f?
7
Let t be (-1)/(((-2)/(-10))/(5 - 6)). Calculate the greatest common divisor of t and 20.
5
Let d = -300 + 318. Let x be (3*1)/(2/12). Calculate the greatest common factor of d and x.
18
Let r = 87 + 45. Calculate the highest common factor of r and 44.
44
Let z = 22 + -10. Suppose -3*t - 25 = -5*h, 2*h - 2*t - 24 = 2*t. Suppose h = -2*y, -y = -d - 3 + 7. Calculate the greatest common divisor of d and z.
3
Suppose 4*c - 3*t = 0, t = 5*c + 6*t. Suppose 0 = -c*v + v - 14. Calculate the highest common factor of v and 7.
7
Let d(k) = -5*k + 2*k + 2 - 3. Let g be d(-3). Let q(z) = -z**2 + 4*z + 4. Let c be q(4). Calculate the greatest common divisor of c and g.
4
Let x(r) = r**3 + 18*r**2 + 16*r - 13. Let w be x(-17). Calculate the greatest common factor of 4 and w.
4
Let l = 350 - 250. What is the highest common factor of l and 25?
25
Let c(b) = 2*b. Let i be c(1). Suppose 3*t + 4*q = 18, 2 = -3*t - 3*q + 23. Calculate the highest common divisor of i and t.
2
Let a(h) = 5*h**2 - 2*h + 5. Let p be a(5). Calculate the highest common factor of p and 15.
15
Let t(w) be the first derivative of 5*w**4/4 - 2*w**3/3 + w - 5. Let c be t(1). Let i be 3/(-1) + c + 9. What is the highest common divisor of 10 and i?
10
Suppose 0 = n + 5*y - 3, -3*n - 2*n = -4*y - 44. Let o = -4 + n. Let b be 362/9 - o/18. Calculate the highest common divisor of b and 20.
20
Let q be (-2)/(-3) + (-44)/(-6). Let f = q + -4. Suppose 0 = 2*m - 4. Calculate the greatest common factor of f and m.
2
Let z = -6 - -7. Let b be (16/(-2))/(-1) - z. Suppose 417 = 4*v + 165. What is the highest common divisor of v and b?
7
Let o = 106 - 44. Calculate the highest common factor of 62 and o.
62
Let l(m) = 40*m + 2. Let u be l(5). Suppose u = 5*s + 52. Suppose n - 2*t - 6 = -4*t, 5*n = -4*t + 42. What is the highest common divisor of n and s?
10
Let g(m) = 6*m**2 + 2*m + 6. Let f be g(4). Calculate the greatest common factor of f and 10.
10
Suppose 4*b - 6 = 2*b. Let m be 2/5*300/b. Let h = -19 + 29. What is the highest common factor of h and m?
10
Suppose -5*l + i = -181, 5*i + 4 + 1 = 0. Calculate the greatest common divisor of l and 54.
18
Let a = -53 + 83. Calculate the highest common factor of a and 6.
6
Let y(x) = -2*x + 1. Let k be y(-1). Suppose -5*o + 26 = -k*o. Calculate the highest common divisor of o and 65.
13
Suppose o = -h + 8, 0 = -o + 3*o + 2. Suppose -1 = -2*l + h. Suppose 9 = g - l. Calculate the greatest common divisor of 28 and g.
14
Suppose 4*z = 36 + 12. Let l = 17 - 0. Let o = l + 1. Calculate the greatest common factor of o and z.
6
Let f(a) = a**2 + 3*a - 9. Let y be f(-7). Suppose 31 + y = -2*m. Let b be ((-90)/m)/(3/40). Calculate the highest common factor of 6 and b.
6
Suppose -63 = -11*o + 7*o + t, -o + 19 = 3*t. Suppose -i + 60 = -0. Let y = i - 36. Calculate the highest common divisor of o and y.
8
Let z = 6 - -24. Calculate the greatest common factor of 150 and z.
30
Suppose 0 = -2*j + 4*f + 32, 0 = -0*f - f - 1. Let w be ((-6)/4)/((-5)/420). Calculate the greatest common factor of w and j.
14
Let t be 635/25 + 2/(-5). What is the highest common factor of 225 and t?
25
Suppose 5*p + 50 - 185 = 0. Calculate the greatest common divisor of p and 297.
27
Let z(m) be the second derivative of m**4/12 + m**3/6 + 3*m. Let v be z(7). Calculate the greatest common factor of v and 14.
14
Let n(i) = -4*i**2 + i - 3. Let j be n(-3). Let w = -21 - j. What is the greatest common factor of w and 14?
7
Let y(c) = -c**2 - 8*c + 3. Let j be y(-8). Let t be 8 - ((-6)/j - 1). Suppose 5*s = -t + 41. What is the highest common factor of 15 and s?
3
Let k be (0/1)/(-7 - -8). Suppose u - 6*u + 20 = k. Let t(h) = -h + 7. Let j be t(3). Calculate the greatest common divisor of j and u.
4
Suppose 5*k - 109 + 29 = 0. What is the highest common divisor of k and 64?
16
Let c be 2 + -1 + 2*16. Let m = c - 19. Calculate the greatest common factor of 98 and m.
14
Let p be 129 - 6/((-6)/3). Calculate the greatest common divisor of 12 and p.
12
Suppose 410 = 10*z + 90. Let b be (-20)/(-6)*12/10. Calculate the greatest common factor of b and z.
4
Suppose 0 = -v + 4, 3*i - 37 - 391 = v. What is the greatest common divisor of 108 and i?
36
Let g be 2 - 1/(-1) - -72. Suppose 2*n = -3*n + g. Let l = n + -11. What is the greatest common divisor of l and 16?
4
Suppose -t + 4*t = -6. Let k be (-1)/t + (-17)/(-2). What is the highest common divisor of 99 and k?
9
Suppose -3*n + 4 + 2 = 0. Suppose 2*t = -5*z - 24, -z = -n*t - 0*t. Let x = z - -8. What is the greatest common divisor of 6 and x?
2
Let p(j) = 2*j + 6. Suppose 5*k = 2*q + 10, 0 = -5*q + 2*k - 4*k + 4. Let r be p(q). What is the highest common factor of 24 and r?
6
Let f be (0 - -1)*-1*-6. Calculate the highest common factor of f and 48.
6
Let y be 5 + (-30)/(-6) - 1. What is the highest common divisor of 18 and y?
9
Suppose 0 = -g + 4*c + 22, -4*g + 5*c = 2*c - 36. What is the greatest common factor of g and 24?
6
Let m = -6 - -28. What is the highest common divisor of 2 and m?
2
Suppose -5*o = 2 - 12. Suppose 45 = 3*l - 3*y, 2*l + 2*l + o*y - 66 = 0. What is the highest common factor of 2 and l?
2
Suppose -j + 9 + 3 = 0. What is the greatest common divisor of 36 and j?
12
Let g be 13/3 + 1/(-3). Let c(p) = p - 5. Let x be c(g). Let d be (x*5)/(2/(-4)). Calculate the greatest common factor of 10 and d.
10
Let r be (-8 - -7)/(2/(-20)). Let s = r + 5. Calculate the greatest common factor of s and 15.
15
Suppose 4*l + p - 45 = 0, 0*l - 2*p = 2*l - 30. What is the greatest common divisor of 20 and l?
10
Let q(r) = r**2 - 5*r + 4. Let z be q(5). Suppose -d + 4*u - z = -21, 3*d - 4*u = 27. Suppose -7*b = -2*b - d. Calculate the highest common divisor of 9 and b.
1
Suppose 12 = -2*q + 5*q. Let k be (99/(-5))/(q/(-20)). Calculate the highest common factor of k and 11.
11
Let c(v) = v + 21. Let q be c(19). Calculate the greatest common divisor of 120 and q.
40
Let k be (1 - 0)*1*25. Calculate the highest common divisor of k and 25.
25
Let q be (-1 + 13/3)*3. Suppose 31 + 129 = 4*n. What is the greatest common divisor of q and n?
10
Suppose 2*c + 0 - 6 = 0. Calculate the greatest common divisor of c and 2.
1
Let u(r) = 2*r**2 - 5*r + 10. Let w be 13 + 3/(-1 + 0). Let n be u(w). What is the greatest common factor of n and 20?
20
Suppose i + 9 = -2*i, -3*i = 3*a + 9. Let n(w) = 14*w**2 - 3*w**2 + a*w**2. Let h be n(1). Calculate the highest common factor of 11 and h.
11
Suppose -o + 3 = -32. Let t be (-4)/14 + 570/o. Calculate the highest common factor of 8 and t.
8
Suppose 2*x + 5*z = 39, -x - 2*x - z = -39. What is the greatest common factor of 3 and x?
3
Suppose 3*g + 6 = 3. Let m = 0 - g. Let x be m/(-3) + (-545)/(-15). Calculate the highest common divisor of x and 12.
12
Suppose -3 = g + 20. Let z = -5 - g. Let v = 382 + -184. What is the highest common divisor of z and v?
18
Suppose -2*y = 2, u + u - 2*y = 222. Calculate the greatest common factor of u and 44.
22
Suppose -2*w - 74 = -y - 4*y, 0 = 3*y - 4*w - 36. Suppose 880 = 5*d - 5*b, 3*d - 2*b = 507 + 21. Calculate the highest common factor of y and d.
16
Let r(h) = h**3 + 8*h**2 + 7*h + 3. Let x = -2 - 5. Let c be r(x). Let f be (c - -3)*1/3. What is the highest common factor of 18 and f?
2
Suppose 3*p = 3*x + 12, 4*p - 5*p = x - 4. Suppose -t - 1 = -p. Suppose 65 = t*i - 31. Calculate the highest common divisor of 4 and i.
4
Let x be 9*(-6 + 2 + 6). Suppose -15 = 3*z, -26 = -4*m - 2*z - 0*z. Calculate the greatest common factor of x and m.
9
Let u be (1/2)/((-1)/(-48)). Let s be 90/27*(19 + -1). What is the highest common factor of u and s?
12
Suppose 3*m = -k + 6, 2 = 2*k + 3*m - 4. Suppose 